9006?
4
What is the tens digit of 294318?
1
What is the units digit of 24539?
9
What is the hundred thousands digit of 1067321?
0
What is the tens digit of 4454885?
8
What is the hundred thousands digit of 207656?
2
What is the units digit of 5142873?
3
What is the hundred thousands digit of 418836?
4
What is the millions digit of 21782590?
1
What is the hundred thousands digit of 307665?
3
What is the units digit of 5068828?
8
What is the millions digit of 8239718?
8
What is the ten thousands digit of 78853?
7
What is the tens digit of 77379?
7
What is the hundred thousands digit of 10101574?
1
What is the units digit of 3432118?
8
What is the tens digit of 184011?
1
What is the tens digit of 125727?
2
What is the ten thousands digit of 17939531?
3
What is the units digit of 18790576?
6
What is the hundreds digit of 7962748?
7
What is the millions digit of 4610118?
4
What is the units digit of 50921?
1
What is the hundred thousands digit of 398130?
3
What is the hundred thousands digit of 268076?
2
What is the millions digit of 1659317?
1
What is the ten thousands digit of 56926?
5
What is the units digit of 20418412?
2
What is the units digit of 22074?
4
What is the hundred thousands digit of 3674330?
6
What is the thousands digit of 6796166?
6
What is the hundreds digit of 11224642?
6
What is the ten thousands digit of 1602815?
0
What is the units digit of 276283?
3
What is the thousands digit of 4871169?
1
What is the tens digit of 3604228?
2
What is the hundreds digit of 2534472?
4
What is the tens digit of 277814?
1
What is the tens digit of 1517512?
1
What is the units digit of 1116769?
9
What is the ten thousands digit of 9510289?
1
What is the tens digit of 9278324?
2
What is the hundreds digit of 481380?
3
What is the hundreds digit of 981828?
8
What is the hundreds digit of 94453?
4
What is the millions digit of 8423481?
8
What is the units digit of 257190?
0
What is the hundreds digit of 4307618?
6
What is the units digit of 23834039?
9
What is the hundreds digit of 1078513?
5
What is the hundreds digit of 16717252?
2
What is the hundred thousands digit of 184227?
1
What is the hundreds digit of 1356913?
9
What is the ten thousands digit of 944952?
4
What is the hundred thousands digit of 290611?
2
What is the units digit of 14353930?
0
What is the hundred thousands digit of 14432825?
4
What is the thousands digit of 186749?
6
What is the units digit of 1290758?
8
What is the thousands digit of 20644?
0
What is the hundred thousands digit of 8510880?
5
What is the millions digit of 5922942?
5
What is the thousands digit of 2250336?
0
What is the hundreds digit of 145663?
6
What is the hundreds digit of 1536371?
3
What is the ten thousands digit of 1793393?
9
What is the units digit of 2192743?
3
What is the hundreds digit of 9058155?
1
What is the hundreds digit of 121547?
5
What is the hundred thousands digit of 1754008?
7
What is the tens digit of 2064622?
2
What is the hundreds digit of 72596?
5
What is the millions digit of 1045362?
1
What is the ten thousands digit of 13682979?
8
What is the units digit of 452255?
5
What is the hundred thousands digit of 673072?
6
What is the millions digit of 29662212?
9
What is the tens digit of 490506?
0
What is the units digit of 4507649?
9
What is the ten millions digit of 12159331?
1
What is the hundreds digit of 157674?
6
What is the ten thousands digit of 3461486?
6
What is the thousands digit of 3643176?
3
What is the tens digit of 1653571?
7
What is the units digit of 145220?
0
What is the tens digit of 3241145?
4
What is the millions digit of 1607706?
1
What is the millions digit of 29398080?
9
What is the units digit of 90721?
1
What is the millions digit of 12204499?
2
What is the tens digit of 297051?
5
What is the hundred thousands digit of 8256755?
2
What is the ten thousands digit of 44656?
4
What is the thousands digit of 4112108?
2
What is the units digit of 43134?
4
What is the tens digit of 130690?
9
What is the thousands digit of 58169?
8
What is the hundreds digit of 4329413?
4
What is the units digit of 7572925?
5
What is the ten thousands digit of 351725?
5
What is the hundred thousands digit of 460806?
4
What is the millions digit of 10056779?
0
What is the thousands digit of 71931?
1
What is the tens digit of 4693812?
1
What is the millions digit of 5550420?
5
What is the thousands digit of 8810388?
0
What is the thousands digit of 23907?
3
What is the ten thousands digit of 188010?
8
What is the tens digit of 13394021?
2
What is the ten millions digit of 11896147?
1
What is the tens digit of 151200?
0
What is the millions digit of 7108029?
7
What is the units digit of 27657343?
3
What is the ten thousands digit of 11597628?
9
What is the hundred thousands digit of 222480?
2
What is the units digit of 496569?
9
What is the tens digit of 271931?
3
What is the tens digit of 1024495?
9
What is the thousands digit of 816704?
6
What is the ten thousands digit of 249566?
4
What is the millions digit of 4265937?
4
What is the tens digit of 244806?
0
What is the hundred thousands digit of 2946169?
9
What is the ten thousands digit of 64913?
6
What is the hundreds digit of 814767?
7
What is the ten thousands digit of 4484804?
8
What is the ten thousands digit of 2467721?
6
What is the units digit of 1362078?
8
What is the hundreds digit of 283318?
3
What is the tens digit of 346122?
2
What is the ten thousands digit of 4635224?
3
What is the hundred thousands digit of 686877?
6
What is the hundred thousands digit of 9977860?
9
What is the tens digit of 29836?
3
What is the hundred thousands digit of 19901048?
9
What is the hundreds digit of 49551?
5
What is the thousands digit of 360851?
0
What is the hundreds digit of 323789?
7
What is the ten thousands digit of 645020?
4
What is the tens digit of 65613?
1
What is the ten thousands digit of 724760?
2
What is the tens digit of 78673?
7
What is the hundred thousands digit of 2498210?
4
What is the ten thousands digit of 1320717?
2
What is the thousands digit of 23651832?
1
What is the units digit of 4819103?
3
What is the tens digit of 1532682?
8
What is the thousands digit of 9211634?
1
What is the hundred thousands digit of 325512?
3
What is the ten thousands digit of 161025?
6
What is the ten thousands digit of 5340720?
4
What is the thousands digit of 39856?
9
What is the hundred thousands digit of 302195?
3
What is the units digit of 291429?
9
What is the hundreds digit of 1699290?
2
What is the thousands digit of 213265?
3
What is the tens digit of 942294?
9
What is the thousands digit of 1353131?
3
What is the hundred thousands digit of 352552?
3
What is the ten millions digit of 11146457?
1
What is the thousands digit of 362807?
2
What is the millions digit of 7536390?
7
What is the hundred thousands digit of 7498885?
4
What is the tens digit of 172665?
6
What is the hundred thousands digit of 1396656?
3
What is the thousands digit of 416838?
6
What is the units digit of 917233?
3
What is the thousands digit of 4194761?
4
What is the ten thousands digit of 494186?
9
What is the hundred thousands digit of 1588122?
5
What is the hundred thousands digit of 1428457?
4
What is the hundreds digit of 131778?
7
What is the thousands digit of 239184?
9
What is the hundred thousands digit of 158809?
1
What is the hundred thousands digit of 203417?
2
What is the tens digit of 88470?
7
What is the hundred thousands digit of 21116215?
1
What is the ten thousands digit of 5714504?
1
What is the ten thousands digit of 5216185?
1
What is the hundred thousands digit of 30714929?
7
What is the units digit of 220365?
5
What is the hundreds digit of 160061?
0
What is the units digit of 20965213?
3
What is the millions digit of 1149189?
1
What is the units digit of 749141?
1
What is the ten thousands digit of 1153915?
5
What is the hundreds digit of 1301041?
0
What is the thousands digit of 28790620?
0
What is the units digit of 4385656?
6
What is the ten thousands digit of 21400234?
0
What is the units digit of 661103?
3
What is the hundred thousands digit of 2783101?
7
What is the tens digit of 220423?
2
What is the millions digit of 1001613?
1
What is the millions digit of 1293649?
1
What is the thousands digit of 1683874?
3
What i